6 - z) + 2/(-1)?
3
Let k(q) = -q**2 - 21*q - 26. Let t be k(-19). Let z = t - 9. Suppose z*u - 8*u + 265 = 0. What is the units digit of u?
3
Suppose 3 = j, 0 = 3*x + 5*j - 10*j - 306. Let t = 7 - 5. Suppose 0 = 5*r - 2*l - 305, -3*l - 26 - x = -t*r. What is the units digit of r?
9
Suppose 5*q - 44 = -34. Suppose -q = c, -2*c = -5*h - 0*h + 1664. What is the tens digit of h?
3
Let h = -1045 + 2459. What is the units digit of h?
4
Let k be (-6)/2 - (-5 + 5). Let w = k + -12. What is the units digit of (-1)/(9/6)*w?
0
Let a = 34 + -5. Let f = 35 + a. What is the tens digit of f?
6
Let o = -1007 + 2134. What is the tens digit of o?
2
Suppose -2*f - 2*f + 484 = -5*p, -p = -f + 96. Let u = 190 - p. What is the hundreds digit of u?
2
Suppose -2*v + 8 = 2*v. Suppose -3*b = -n + 4, -b + 5 = v*n - 3. Suppose b = -h + 3*h - 46. What is the tens digit of h?
2
Let s(v) = -v**3 - v**2 - v + 4. Let o be s(0). Let i = 9 - o. What is the units digit of i?
5
Suppose 1 + 34 = 7*b. Suppose -q + b*q - 5*d = 48, -d - 81 = -5*q. What is the units digit of q?
7
Let z(l) be the second derivative of -l**4/12 + 7*l**3/3 - 13*l**2/2 + 3*l. Let k be z(5). Suppose 16 + k = 3*x. What is the units digit of x?
6
Let m = -14 + 23. What is the hundreds digit of 606/m*3*3/6?
1
Let j = 455 + -23. What is the tens digit of j?
3
Suppose 4*a = x - 2*x + 33, 2*x - 34 = -4*a. Suppose -30 = -13*v + a*v. What is the units digit of v?
6
Let t = 462 + -292. What is the hundreds digit of t?
1
Let u(w) = 7 - 15 + 5*w - 4*w. Let c be u(8). Let p(z) = 4*z + 57. What is the units digit of p(c)?
7
Let q(f) = 14*f**3 + f + 1. Let z be q(-1). Let y(r) = 0 - 6 - 3*r - 8 - 2. What is the units digit of y(z)?
6
Let g(b) = b**3 - 6*b**2 - 28*b - 25. What is the hundreds digit of g(14)?
1
Let w be -20*(3 + 34/(-10)). Let s = w - 6. Suppose -s*c + 26 = -34. What is the units digit of c?
0
Let o(l) be the second derivative of -l**5/20 - 3*l**4/4 - l**3/2 + 2*l**2 - 5*l. Let r be o(-8). Let s = -18 - r. What is the units digit of s?
8
Let o = 252 - 159. Let r = -28 - -50. Suppose -2*x = b - r, -3*b = 2*x + 27 - o. What is the tens digit of b?
2
Let g be 0/((3/2)/(6/8)). Suppose 197 = -g*s + 4*s - 3*a, 0 = -4*s + a + 207. What is the units digit of s?
3
What is the tens digit of ((-13)/(273/144))/(8/(-1848))?
8
Let c = -3294 + 6514. What is the hundreds digit of c?
2
Let j = -370 + 2464. Suppose 0 = -10*s + j + 116. What is the units digit of s?
1
Let t(f) be the first derivative of f**4/4 + 11*f**3/3 - 9*f**2/2 + 15*f - 13. What is the tens digit of t(-11)?
1
Let t = 52 - 8. Let v = t + -23. What is the tens digit of v?
2
Suppose 3*y + 396 = 7*y. Suppose 0 = p + 2*p - y. What is the tens digit of p*(6/(-9))/(-1)?
2
Let b be (2 + -3)*7*-1. Let z(t) = -14*t + 8. Let n(h) = 42*h - 23. Let c(u) = b*z(u) + 2*n(u). What is the tens digit of c(-4)?
6
Let y(s) be the second derivative of -3*s + 41/12*s**4 + 0 + 1/2*s**2 - 1/6*s**3. What is the tens digit of y(-1)?
4
Suppose -4*g + 497 = -3. Suppose 5*p + o - g = -0*o, 0 = 3*p - 4*o - 75. What is the tens digit of p?
2
Let i(s) = 2*s**2 - 24*s + 59. Let n be i(-19). Suppose 729 = 3*m - 5*p, 6*m - m = p + n. What is the tens digit of m?
4
Let m = -156 - -263. Suppose 5*r - 4*u - 129 + 28 = 0, 5*r - m = -2*u. Suppose 15 = -3*c - 0, -i = 2*c - r. What is the tens digit of i?
3
Suppose 3*r = 101 - 17. Let j = r + -23. Suppose -7 = -3*k + j. What is the units digit of k?
4
Suppose -4*i - 20*i + 23208 = 0. What is the tens digit of i?
6
Suppose 7*b = 5*b + 1252. Suppose 0 = 5*t + a + 178 - b, 2*t - a = 182. What is the tens digit of t?
9
Let a(g) = g**3 - 15*g**2 - 7. Let z be a(15). Let k be (-19)/(-5) - z/35. Suppose 4*n - 4*f = 64, -3*n + k*f = -10 - 34. What is the units digit of n?
0
Suppose -7104 = -3*t + 4*p, -33*t + 3*p = -34*t + 2381. What is the units digit of t?
2
Suppose q - 6*q - 9 = 3*c, 0 = -2*q - 2*c - 6. Suppose -2*p + 4*j + 290 = q, -6*p + 3*p = -4*j - 441. What is the units digit of p?
1
Let z(s) = -3 - 7*s**3 - 4 + 4*s**3 - 13*s + 4*s**3 + 2*s**2. What is the tens digit of z(6)?
0
Let c be (-256)/(-10) + 6/15. Suppose 8 = o - c. Suppose -2*f = -o - 4. What is the tens digit of f?
1
Let q(u) = -28*u + 658. What is the tens digit of q(0)?
5
Let w = -7 + 8. Let t = 52 - w. What is the units digit of t?
1
Let w(i) = -i**3 + 9*i**2 - 13*i + 16. Let a be w(8). What is the units digit of a*-1*4/8?
2
Let k(f) = f**2 + 6*f + 17. Let y(x) = -x - 1. Let z be y(5). What is the units digit of k(z)?
7
Suppose 4 = -t + 1. Let k(i) = i**2 - 6*i - 13. Let q be k(9). Let v = q + t. What is the tens digit of v?
1
Suppose -78*a = -58*a - 1120. What is the tens digit of a?
5
Suppose 12*f = -4*k + 17*f + 4599, 2*k - 2302 = 2*f. What is the hundreds digit of k?
1
Suppose -18 = 4*t - 38. Let y(g) = g**2 + 2*g + 5. What is the tens digit of y(t)?
4
Let y be (2 - -1)*(-4)/(-6). Suppose 0 = -4*z - 4*m + 36, z - 4 - 9 = -2*m. Suppose -z*o + 24 = -3*u, -3*o + 40 = y*o + 5*u. What is the units digit of o?
6
Let n = 2740 - 1919. What is the tens digit of n?
2
Let k be ((-4)/(-6))/(1/18). Suppose 5*g - 13 = n, 5*g = -2*n + 17 + 2. Suppose g*l - 5*o = 13, 4*o - k - 16 = -4*l. What is the units digit of l?
6
Suppose 18*c - 26*c + 4976 = 0. What is the tens digit of c?
2
What is the units digit of -8 + (5 - 2) + (73 - 0)?
8
Let b be -3 - (-23 - (1 - 4)). Let c = b + -12. Suppose -c*u + 10 = -25. What is the units digit of u?
7
Let m(b) = 16*b + 1426. What is the units digit of m(-13)?
8
Let v be (-5)/(-4) - (-15)/20. Let a = 7 + -5. Suppose 2*h = a*t + 13 + 1, 4*h - v*t - 24 = 0. What is the units digit of h?
5
Suppose 86*u = 91*u - 6760. What is the hundreds digit of u?
3
Let a be 1*-2 + -2 + 21. Let k = -14 + a. Suppose v = 2*n + 18, k*v - 2*v = 5*n + 3. What is the units digit of v?
8
Let u(o) = 6*o**3 - 11*o**2 - 3*o - 5. Let y(s) = 7*s**3 - 12*s**2 - 2*s - 6. Let b(g) = -6*u(g) + 5*y(g). What is the units digit of b(6)?
8
Let b = 124 + -64. Let u = b - -3. What is the tens digit of u?
6
Let d(u) = -7 + 51*u + 3 - 3 - 19*u. Let t be d(7). Suppose -5*y = -5*f - 215, -f - 3*f - t = -5*y. What is the units digit of y?
5
What is the units digit of (-3825)/(-81) - 15 - 2/9?
2
Let x(w) = 13*w**2 - 3*w - 27. What is the tens digit of x(-5)?
1
Let w(u) = -14*u**3 - 2*u**2 + u + 1. Let t be w(-1). Suppose k + 2*n = 136, t*n = 4*k + 17*n - 553. What is the units digit of k?
2
Let c(u) be the third derivative of 109*u**4/24 + u**3/3 + 15*u**2. What is the hundreds digit of c(1)?
1
Suppose 5*d - 2*b = 550, 5*b = -2*d - d + 299. Let u = d - 77. What is the tens digit of u?
3
Suppose 3*z - 6708 = 2*r, -z + 2225 = 52*r - 49*r. What is the tens digit of z?
3
Suppose 4*i = 0, 3*k + 6*i - 504 = 2*i. Suppose -k - 73 = -a. What is the units digit of a?
1
Suppose 0 = 2*t + 3 - 9. Let l = t - 1. What is the units digit of l/5 + (-159)/(-15)?
1
Suppose 0 = -4*n + 10*n - 24. Suppose n*l = -p + 8, 0*l + l - p = 2. What is the units digit of l?
2
Let g = 6276 - 3837. What is the hundreds digit of g?
4
Let i(n) be the second derivative of n**5/20 - 5*n**4/6 + 3*n**3 + 22*n. Suppose f + 0*g - 8 = g, 0 = -5*g. What is the units digit of i(f)?
6
Let y(p) = 102*p + 68. What is the hundreds digit of y(6)?
6
Let m(c) = -c**3 + 10*c**2 - 25*c + 6. Let w be m(6). What is the tens digit of (-135)/90 - (w - 161/2)?
7
Let k(u) = 2*u + 14. Let g be k(-7). Suppose g = 5*m + t + 35, 3*m - 3*t = -59 + 20. What is the units digit of (-64)/m + (-1 - 2)?
5
Suppose -10 = -5*d - 0*d. Let t be 2*d*(-2)/(-1). What is the tens digit of (-526)/(-11) - t/(-44)?
4
Let d(w) = 51*w - 119. What is the tens digit of d(12)?
9
Let l = -101 + 94. What is the tens digit of (-329)/l*(5 - 3)?
9
Let y = 797 - -30. What is the units digit of y?
7
Let m be ((-3)/2)/((-5)/10). Let z = -22 + 96. Suppose 3*i + 2*v = i + z, -i + 49 = -m*v. What is the units digit of i?
0
Let w(n) = 485*n - 1. Let i be w(3). What is the units digit of (-6)/210*-5 - i/(-14)?
4
Let x = -440 - -188. What is the units digit of (-2)/8*x/9?
7
Let p = -20 + 24. Let x = -59 + 3. What is the tens digit of (-6)/p*x/6?
1
Let j(h) = 90*h**2 - 16*h + 4. Let z(b) = 30*b**2 - 5*b + 1. Let w(o) = -2*j(o) + 7*z(o). What is the units digit of w(2)?
3
What is the tens digit of (